531408. What are the prime factors of g?
11071
Let y(r) = -1188*r**2 - 3*r - 15. Let h be y(5). Let o be (-2)/17 + h/170. Let n = o + 314. What are the prime factors of n?
139
Let c(n) be the third derivative of n**6/180 - 19*n**5/120 - 3*n**4/8 + 7*n**2. Let s(r) be the second derivative of c(r). What are the prime factors of s(8)?
13
What are the prime factors of (15/(150/(-379630)) - -15)*2/(-4)?
2, 53, 179
Let s = -2193 - -4390. What are the prime factors of s?
13
Let l = -13574 - -31200. List the prime factors of l.
2, 7, 1259
Suppose 15*c - 13*c = -132. Let r = c - -119. Suppose -210 = -4*h + j, 2*h + j - r = 55. What are the prime factors of h?
53
Let i = 37 - 31. Let k be -187 - (2 + ((-2)/(-1) - i)). What are the prime factors of 3 - k/(-65) - 3933/(-39)?
101
Let q(o) = -5*o**2 + 0*o + 52 + 2*o**3 + o - 50. Let y be q(3). Let b = y - -33. List the prime factors of b.
47
Let v = -2240 - -4214. Suppose 410 = 8*c - v. List the prime factors of c.
2, 149
Let u(h) = 6*h**2 + 16*h + 11. Let t be u(-2). Suppose -2312 = -t*g - g. What are the prime factors of g?
2, 17
Let l(c) = -395*c + 18. Let b be l(-1). Let k = 821 - b. What are the prime factors of k?
2, 3, 17
Suppose 0*p - 783 = 9*p. Let n = -83 - p. List the prime factors of ((-21)/n)/(6/(-112)).
2, 7
Let r be 4 + 0 + (-2 - 0). Suppose -n = 5*h + 2*n + 17, 2*h + r*n = -6. What are the prime factors of (9/h - 16/(-64)) + 55?
53
Suppose -13*t - 12314 = -16*t + 5*s, 20 = 4*s. List the prime factors of t.
3, 457
Suppose -19*c + 33 = -8*c. Suppose c*m - 670 + 43 = 0. What are the prime factors of m?
11, 19
Suppose 4*a + 665 = 5*d, -3*d = -5*a - 47 - 365. Suppose -134*o + d*o + 3355 = 0. List the prime factors of o.
11, 61
Suppose 24*w = 7*w + 34. Suppose 3166 = 5*m - 4*s, 12 = w*s - 5*s. What are the prime factors of m?
2, 3, 5, 7
Let c be (96/36)/((-4)/(-6)). Let y(n) = -9*n**3 - 2 + c*n**3 - 9*n + 6*n**3. What are the prime factors of y(5)?
2, 3, 13
Let h be 6*((-14)/(-4) + -2). List the prime factors of ((-716)/h)/((-16)/72).
2, 179
Let d(p) = 11*p**2 + 30*p + 25. What are the prime factors of d(25)?
2, 3, 5, 17
Let b be -4 + -56 + 3 + (0 - -3). What are the prime factors of (-22)/(194/300 - (-36)/b)?
2, 5, 11
Let b(g) = 42*g + 60. Suppose 2*i + s - 10 = -0, 4*i - 20 = s. What are the prime factors of b(i)?
2, 3, 5
Let a be -1*(388 + (-6 - -10)). Let l = 880 + a. List the prime factors of l.
2, 61
Suppose h + 3472 = 5*h. Let t be h/(-12) + (-3)/(-9). Let d = 127 + t. List the prime factors of d.
5, 11
Suppose 4*o = 21*o + 204. List the prime factors of (-7)/(((-2)/3)/((-136)/o)).
7, 17
Let n(v) = 4*v + 129. Let z be n(-32). What are the prime factors of (-105)/21 - (-116)/z?
3, 37
Let r = -2 - -7. Let d(s) = 7*s - 5. Let p be d(r). Let k = 41 + p. What are the prime factors of k?
71
Let t(o) be the first derivative of -3*o**2/2 + 5*o - 1. Let y be t(0). Suppose y = -5*j + 80. What are the prime factors of j?
3, 5
Let x(i) = 2*i - 41. Let n be x(23). Suppose 5715 = 8*w - n*w. Suppose -7*t - 8*t + w = 0. List the prime factors of t.
127
Let j(b) = b**3 + 34*b**2 - 44*b - 99. Let q be j(-35). Let x = q - -542. What are the prime factors of x?
2, 379
Let a(v) = -4*v**3 + 24*v**2 + 6*v + 219. List the prime factors of a(-10).
7, 937
Let p(t) = 2*t**2 - 11*t + 9. Let m(a) = -a**3 - 7*a**2 - 7*a - 7. Let z be m(-5). Let n be z/(-4) + 15/10. What are the prime factors of p(n)?
2, 3, 5
Suppose -31024 = -4*d - n, 2349*d - 2354*d + n + 38771 = 0. What are the prime factors of d?
3, 5, 11, 47
Let g = 12596 - 10102. List the prime factors of g.
2, 29, 43
Suppose 0 = 159*u - 55994 - 726029 + 163354. List the prime factors of u.
3, 1297
Suppose -176113 + 542944 = 74*o - 574301. List the prime factors of o.
2, 6359
Let i(l) = -l**3 + l**2 - 2*l - 7. Let s be i(-3). Let k = s - 33. Suppose k*m + 516 = 6*m. What are the prime factors of m?
3, 43
Let u be (-1)/(-1)*35/(9 - 2). List the prime factors of ((-2)/u)/(18149/1210 - 15).
2, 11
Let b be (-27 + -1)/7 + -2. What are the prime factors of (-90)/(((-11)/b)/(-11)) + 1?
541
Suppose -3*o + 53 = 4*y, 3*y + 40 = -4*o + 9*o. Let z = -6 - -4. List the prime factors of o/z*(1 + -3).
11
Let h(u) = -37*u**2 + 3*u - 3. Let a(f) = -56*f**2 + 4*f - 4. Let n(l) = -5*a(l) + 7*h(l). List the prime factors of n(2).
5, 17
Let c(t) = t**3 + t**2 - 12*t + 37. What are the prime factors of c(23)?
12457
Let r = -386 + 456. List the prime factors of (2/(-7) + (-20070)/r)/(-1).
7, 41
Let r be (-17060)/(-36) + (-4)/(-36). Let a = r - 201. What are the prime factors of a?
3, 7, 13
Suppose -32 = c - 5*c + h, 3*c - 25 = h. What are the prime factors of 8/(-2) - (c + (1 - 1015))?
17, 59
Suppose -31*y = -21*y - 100. Suppose -y*j = -5*j - 2350. List the prime factors of j.
2, 5, 47
Suppose c + 4*w - 20 = 0, -c - 2*c + 2*w + 18 = 0. List the prime factors of c/(32/1212) - 2.
7, 43
Let m(z) = 4*z**3 + 5*z**2 - 2*z - 4. Let r be m(3). Let c(i) = -119*i**2 - 2*i + 7 - 4 + r*i**2. What are the prime factors of c(1)?
5
Let u(r) = 9117*r**3 + 3*r**2 - 123*r + 236. List the prime factors of u(2).
2, 36469
Let x(t) = -3*t + 40 + 20 + t. What are the prime factors of x(-23)?
2, 53
Let z = 55147 - 22808. What are the prime factors of z?
73, 443
Suppose 108*a + 6502 = 1632010. What are the prime factors of a?
3, 29, 173
Suppose 0 = -4*d + d - 6*v - 12, 5*v + 13 = -d. What are the prime factors of 1/d - 26775/(-34)?
2, 197
Suppose -702 = 7*k - 20*k. What are the prime factors of 29115/k - (-5)/(-30)?
7, 11
List the prime factors of 696/1044 + -289*46/(-3).
2, 277
Let c be 1/3 + (-252)/(-54). Suppose -2*y + 15 = -c*h, 0*h = -3*h - 9. Suppose 4*u - p - 812 = -y*p, -4*u + 2*p + 808 = 0. List the prime factors of u.
2, 3, 17
Let q = -64 - -65. Let i = 2 + q. Suppose 2*o - g + 5*g = 262, -i*o - 2*g = -409. List the prime factors of o.
139
Suppose q - 9 = -5. Suppose q*t + 26 = -10. Let s = 70 - t. List the prime factors of s.
79
Suppose -2006628 = -563*c + 282*c + 205*c. List the prime factors of c.
3, 13, 677
Suppose 6*s + 5*s = 0. Suppose 10*a + s = -0. Suppose a = -4*i - 5*d + 639, -7*i + 485 = -4*i - 2*d. List the prime factors of i.
7, 23
Let t = -4454 - -3023. Let r = t - -2072. What are the prime factors of r?
641
Let u(q) = -3*q + 135. Let w be u(11). Let x(p) = p**2 + 5*p - 6. Let v be x(-6). Suppose 4*t - w + 30 = v. What are the prime factors of t?
2, 3
Let g = 15057 - 8705. What are the prime factors of g?
2, 397
Let d = 12 - -1083. Let n = -742 + d. What are the prime factors of n?
353
Let h be ((-36)/5)/((-9)/(-45)). Let g be (-29)/(-58) - 645/(-2). List the prime factors of h/(-234) + g/13.
5
Suppose -2*u - 3*y - 60 = y, 5*y + 45 = -u. Let m = u - -198. Suppose -o - 2*o = -f + 89, -m = -2*f - o. What are the prime factors of f?
89
Suppose -32*u = -14*u - 10080. Suppose 2*i - u = 242. List the prime factors of i.
401
What are the prime factors of (-14)/(((-10)/(-255))/(205/(-30)*16))?
2, 7, 17, 41
Suppose 3*f = 4*o - 969, 2*o + 342 = -f - 3*o. Let x be (-13)/(-26) - f/2. Let m = -108 + x. What are the prime factors of m?
2, 7
What are the prime factors of -10 + 2 - 243784/(-6 - 2)?
3, 5, 677
Let z(v) = v**3 - 2*v**2 + 2*v - 1. Suppose -3 = 17*p - 20*p. Let q be z(p). Suppose 5*h - 385 = 5*g, -5*g = 4*h - q*h - 344. What are the prime factors of h?
3
Let i(d) = d**3 - 8*d**2 + 12*d - 17. Let u be i(7). Suppose u*c - 270 = 13*c. What are the prime factors of 3/((4/6)/(1992/c))?
2, 83
Let i(x) = x**2 + 9*x + 13. Suppose 4*h = -8*b + 9*b + 42, 5*b - 3*h + 159 = 0. What are the prime factors of i(b)?
643
Suppose -6*q + 5*q = -52. Let w = q - 60. List the prime factors of 1 + 9/w - (-12419)/88.
3, 47
Suppose -2*i + 3*i + 2*d - 3 = 0, 0 = -5*d + 5. List the prime factors of (25 + -1)/i - 72/18.
2, 5
Let p(a) = 727*a**2 - 559*a + 2809. List the prime factors of p(5).
3, 43, 47
Suppose -5*d - d + 54 = 0. List the prime factors of 1*(-1)/3 - (-5763)/d.
2, 5
Let a(j) = j**2 - 12*j - 29. Let n be a(15). What are the prime factors of ((-164)/n)/((44/(-48))/11)?
3, 41
Suppose 828*n = 791*n + 112184. What are the prime factors of n?
2, 379
Let a = 69 + -66. Let n be 2/a*3 - 2. Suppose 7*v - 458 - 347 = n. What are the prime factors of v?
5, 23
Suppose -8*o - 2*o = -0*o. Suppose 3*f = -o*f + 804. L